 w = t - -80. Suppose 0 = -0*x + 4*x - 3*n - w, 4*n + 120 = 4*x. Calculate the remainder when x is divided by 11.
10
Let g(u) = -u + 22. Calculate the remainder when 36 is divided by g(9).
10
Let m = -5 + 10. Calculate the remainder when m is divided by 4.
1
Suppose 0*f + 3*f = -45. Let s(a) = -a**2 - 17*a - 21. What is the remainder when (-1)/((4/50)/(-2)) is divided by s(f)?
7
Let a = 21 + -5. What is the remainder when 77 is divided by a?
13
Let m(j) be the second derivative of 4*j**3/3 - 3*j**2/2 - j. Let q = 11 - 8. Calculate the remainder when 41 is divided by m(q).
20
Suppose -2*t - 2*g = 2*g - 148, -240 = -3*t + 3*g. Let n = 112 - t. Let x = 17 + -5. What is the remainder when n is divided by x?
10
Suppose -4*h + 17 = 5*d, 3*d - 5 - 8 = -h. What is the remainder when 13 is divided by d?
3
Suppose 2*n - 7 = 9. What is the remainder when n is divided by 7?
1
Let h(g) = 3*g + 2. What is the remainder when 27 is divided by h(4)?
13
Suppose -9*a = -4*a - 50. Suppose 30 = 2*m - 4*l, 5*m + l + 2*l - a = 0. What is the remainder when 8 is divided by m?
3
Suppose f + 16 = 3*f. Suppose -5*b + f = -12. Suppose -o + b*o - 24 = 0. What is the remainder when 21 is divided by o?
5
Let w be 2 + -2 - 4/(-2). Suppose w*s + 4*l - 10 = -4, -s - 1 = 3*l. Suppose -3*d + 1 + 11 = 0. What is the remainder when s is divided by d?
3
Let o be 220/14 - 2/(-7). Let d = o - 12. What is the remainder when 14 is divided by d?
2
Let h(k) = -k**3 + 4*k**2 + 4*k. Let x be h(-3). Suppose x = 5*w - 79. Let l(u) = -u**2 - 8*u + 9. What is the remainder when w is divided by l(-8)?
8
Let d = 4 + 145. What is the remainder when d is divided by 38?
35
Let j(w) = -w**3 + 4*w**2 + 8*w + 5. What is the remainder when j(5) is divided by 8?
4
Suppose t - 30 = 4*h, -13 + 87 = 3*t - 4*h. Suppose -4*f + 41 + 7 = 0. Calculate the remainder when t is divided by f.
10
Let l = 31 + -8. What is the remainder when 45 is divided by l?
22
Suppose 2*b - 31 = -11. Calculate the remainder when 38 is divided by b.
8
Let t(s) = -s**3 + 4*s**2 - 3. Let w be t(4). What is the remainder when 24 is divided by w/21 + 460/35?
11
Let q(x) = 23*x**2 + 5*x + 3. Calculate the remainder when q(-2) is divided by 44.
41
Let m(v) = -v**2 + 9*v - 2. What is the remainder when 69 is divided by m(4)?
15
Suppose 27*k = 22*k + 75. What is the remainder when 43 is divided by k?
13
Suppose -2*o - 2*h - 8 - 24 = 0, -h - 52 = 4*o. Let k = o - -17. What is the remainder when k is divided by (3/(-2))/(2/(-4))?
2
Let i(o) = o**2 - 2*o + 1. What is the remainder when (6/(-8))/((-3)/60) is divided by i(-2)?
6
Let p(k) = k**3 + 8*k**2 + 5*k - 4. Let m(a) = -a**2 + 8*a + 3. Let x be m(9). Let r = -12 - -25. What is the remainder when p(x) is divided by r?
12
Suppose 4*p + 3*w = 0, -p + w = -w. Suppose -2*k + 20 = -p*k. Suppose 5*s = -v + 14 + 9, 9 = 3*v. What is the remainder when k is divided by s?
2
Let z be ((-16)/(-12))/((-8)/(-12)). Suppose -z*c - 3 + 9 = 0. Suppose -5*r + 38 = 2*g - 11, -5*g = r + 4. What is the remainder when r is divided by c?
2
Let c = 44 + -28. What is the remainder when 45 is divided by c?
13
Calculate the remainder when 47 is divided by (-54)/((-36)/6)*(3 + -1).
11
Let z(i) = -5*i**2 + 19*i + 27. Let q(g) = -3*g**2 + 13*g + 18. Let p(u) = -8*q(u) + 5*z(u). Calculate the remainder when (-1)/4 + 74/8 is divided by p(-7).
4
Suppose 64 = 7*l + 8. Calculate the remainder when 15 is divided by l.
7
Let q = -84 - -97. Calculate the remainder when q is divided by 8.
5
Let x(z) = -6*z - 2. Let i be (4/2 + 0)/(-1). What is the remainder when 18 is divided by x(i)?
8
Suppose -6*r - 2*b + 180 = -r, 0 = 3*r - b - 108. Let g = r - 16. What is the remainder when g is divided by 7?
6
Suppose -4*v = 3*v - 343. What is the remainder when v is divided by 13?
10
Let i = 8 - 7. Let g = i - -1. Let r(c) = -c**3 - 3*c**2 - 2*c - 2. What is the remainder when r(-3) is divided by g?
0
Let n(k) = 3*k**3 - 3*k**2 - 41. Let d(g) = g**3 - g**2 - 14. Let u(h) = 11*d(h) - 4*n(h). Calculate the remainder when 18 is divided by u(0).
8
Suppose 0 = -3*s + 12 + 45. Let y(k) = -k**2 + 6*k - 1. What is the remainder when s is divided by y(4)?
5
Suppose 3*t + t - 36 = -4*g, -3 = t - 3*g. Suppose -3*w - j + 6 = 0, 0*w - 3*w = 5*j - t. Calculate the remainder when 3 is divided by w.
1
Suppose -2*q + q = 0. Suppose 0 = 3*d - t - 41, 3*d + 2*d - t - 67 = q. Calculate the remainder when 37 is divided by d.
11
Let j be -2 + 12 + (-2 - 0). Let q = j + 3. Calculate the remainder when 30 is divided by q.
8
Let f(h) = h**3 + h**2 - 2*h + 2. Calculate the remainder when 94 is divided by f(3).
30
Suppose 0 = -l - i + 5 + 7, -l + 2*i = -24. Let t = -7 + l. What is the remainder when t is divided by 6?
3
Let p(o) = o**3 - 6*o**2 - 6*o - 1. Calculate the remainder when p(7) is divided by 4.
2
Let f = 45 + -22. Calculate the remainder when f is divided by 7.
2
Suppose 0*z + 16 = 4*z. Let w = z - 2. Suppose -3*a + w*n = -0*n - 106, 132 = 4*a - 5*n. What is the remainder when a is divided by 13?
12
Suppose 2*r = -2*o + 16, -4*r = -o - 2 + 35. Suppose 2*c - 3*x - o = -0*c, 3*c = 2*x + 27. What is the remainder when c is divided by 6?
5
Let l = -96 - -134. Let z(d) = -d**3 + d**2 - d - 4. Calculate the remainder when l is divided by z(-2).
8
Let t = -39 - -47. What is the remainder when 47 is divided by t?
7
Let h = 30 + 13. Calculate the remainder when h is divided by 23.
20
Let c = 4 - 1. What is the remainder when 6 is divided by (c - 1)/((-2)/(-4))?
2
Suppose 3*z - 123 + 39 = 0. What is the remainder when 1743/z - 2/8 is divided by 16?
14
Let q(s) = s**2 + 2*s + 2. Let u be q(-3). Let c(b) = 2*b - 1. What is the remainder when c(u) is divided by 5?
4
Let t(k) = k**3 + 9*k**2 + 8*k + 12. Let z be t(-8). What is the remainder when z/(-6)*(-37)/2 is divided by (2 - -11*1)/1?
11
Let g(n) = -30*n + 4. Calculate the remainder when g(-3) is divided by 49.
45
Let n = -7 - -1. Let f(d) = -d**2 - 7*d + 4. Suppose -b = -4*l - 8, -5*l - 15 = -2*b + 16. What is the remainder when b is divided by f(n)?
8
Let m = -3 + -2. What is the remainder when (-345)/m + (-2 - 1) is divided by 14?
10
Let m(w) = -7*w**3 - 2*w**2 - w. Let h be m(-1). Suppose 3 = -p - 1. Let s = h + p. Calculate the remainder when 2 is divided by s.
0
Let v(w) = w**3 + 5*w**2 + 3. Suppose 2 = -k + 3*k. Suppose -k = -4*c + 15. What is the remainder when c is divided by v(-5)?
1
Suppose -2*x + 8 + 38 = 3*h, -h = 2*x - 14. Suppose 0 = 5*g - 3*o - 186 - 29, g + 5*o - 71 = 0. Calculate the remainder when g is divided by h.
14
Let m(x) = x**2 + 5*x - 9. Let b be m(-5). Calculate the remainder when 14 is divided by 16/(-72) - 74/b.
6
Let i = -2 - -5. What is the remainder when 59 is divided by 1/(-1) + i - -18?
19
Suppose 2 = 5*r + 5*j - 13, 2*r - 4*j = -12. Suppose 5*z = r, 5*z = d + 3*z - 8. Let v = -15 - -18. What is the remainder when d is divided by v?
2
Let d(h) = -h**2 + 41. Calculate the remainder when d(0) is divided by 15.
11
Let x = -2 - -9. Let t(m) = 10*m - 2. What is the remainder when t(2) is divided by x?
4
Suppose 4*r + 60 = 4*h + 2*r, -5*h - 3*r + 64 = 0. Calculate the remainder when 27 is divided by h.
13
Suppose -65 = -7*r + 2*r. Let a = 42 - 102. Let h = a - -97. Calculate the remainder when h is divided by r.
11
Let z(s) = -s**3 - 8*s**2 + 6*s + 1. Let o be (6/2)/(3/(-9)). What is the remainder when z(o) is divided by 10?
8
Let d be 2 + 0 + -1 - -1. Let s(k) = -2*k**2 + 2*k - 1. Let v be s(d). Let b(z) = -3*z - 5. Calculate the remainder when 28 is divided by b(v).
8
Let v(q) = 3*q**2 - 14*q + 13. Calculate the remainder when v(6) is divided by 20.
17
Let w be ((-8)/6)/(12/(-18)). Suppose -w*t + 28 = 2*t. What is the remainder when t is divided by 4?
3
Let n = 41 - -38. Calculate the remainder when n is divided by 40.
39
Suppose 0*c + 12 = 4*c. Let k be 72/(-21)*(-28)/4. Suppose -3 = -c*o + k. Calculate the remainder when 25 is divided by o.
7
Let x(v) = 7*v**2 + 2*v - 1. Let h be x(1). Suppose h = a + a. Suppose -2*n - 68 = -a*p, -4*p - n + 76 = -5*n. What is the remainder when 44 is divided by p?
14
Let f be (-2)/(-5) + (-68)/(-5). Let h = f + 17. Calculate the remainder when h is divided by 1/(((-54)/96)/(-9)).
15
Let z = 12 - 13. Suppose -40 = y - 5*y. What is the remainder 